 = m - 6*c, -4*c = 2*m - 40. Let k be 76/m - (-2)/7. Suppose -3*t + k + 6 = 0. Calculate d(t).
-10
Let s(p) = p**3 - p**2 + 3*p - 5. Let v(r) = -r**3 + 2*r**2 - 3*r + 6. Let f(y) = -6*s(y) - 5*v(y). What is f(-2)?
-2
Let w(r) = r**3 + r**2 - 3*r - 3. Suppose 0 = -4*x + 2*x + 120. Suppose 3*y - 3*k = 4*y - 4, -5*k = -5*y + x. Suppose -3*c + 4 = y. Determine w(c).
-1
Let j(r) = 3*r + 5. Let z(n) = n + 2. Let q(i) = -2*j(i) + 5*z(i). Suppose 36*u - 31*u = 20. Give q(u).
-4
Let t(q) = -q - 1. Let r(a) = -3*a - 3. Let g(m) = 3*r(m) - 8*t(m). Calculate g(6).
-7
Let i(j) = -1. Let l(u) = -u + 7. Let v(s) = -3*i(s) + l(s). Let t be v(7). Let p(f) = -f**3 + 1 + 0*f**t + 3*f + 1 - f**2. Determine p(-2).
0
Let x(t) = t**3 - 7*t**2 + 3*t - 7. Suppose 4*v - 3 = 5*y, -2*v - 3*y + 8*y = 11. Calculate x(v).
14
Let w(c) = c**3 - 5*c**2 - c + 6. Let p be w(5). Let d(j) = j**3 - j - 1. Let o be d(0). Let q = p + o. Let u(a) = -a**3 - a**2 - a + 1. What is u(q)?
1
Let t = -1 - -4. Suppose -5*l + 19 = -6. Let v(i) = -3*i**3 - 11*i**2 - 3*i - 7. Let a(f) = f**3 + 5*f**2 + f + 3. Let q(r) = l*a(r) + 2*v(r). What is q(t)?
-2
Let q = 11 + -10. Let r(o) = o - 3. Let f(m) = m + 1. Let s(a) = 2*f(a) + r(a). Determine s(q).
2
Let y(o) be the second derivative of o**5/20 + o**4/2 + o**3/6 + o**2 - 2*o. Determine y(-6).
-4
Suppose -5*u = 3*o - 2 - 12, u - 4 = 0. Let s(x) = -2*x**2 + 2. Determine s(o).
-6
Let j be (-3)/(-6) - (-1)/2. Let f(m) = 1 - 2 + 6*m + 2. Calculate f(j).
7
Let o(x) = -x**2 + 2*x + 6. Let b be o(3). Let h(s) = 2*s + 4. Calculate h(b).
10
Let t(k) = k**2 + k + 7. Let o(u) = -2 - 4 + 54*u**2 - 55*u**2 - 2*u. Let l(y) = 3*o(y) + 2*t(y). Determine l(-5).
-9
Let l(k) = 32*k**2 - 2 - 2*k**3 + k**3 - 24*k**2 - k. What is l(8)?
-10
Let z = 0 + 0. Let a be 1 + -2 + 5 + z. Let b(s) = -s**3 + 3*s**2 + 2*s + 2. Give b(a).
-6
Let t(c) be the second derivative of -c**5/20 - c**4/12 + 3*c**2 - 13*c. Give t(0).
6
Let k(o) = -3*o + 8. Let i(h) = 3*h - 9. Let n(d) = 4*i(d) + 5*k(d). Let c be (-24)/(-18)*(-6)/4. Let w = 5 + c. Calculate n(w).
-5
Let c(n) = -n**3 - 6*n**2 - 4*n + 3. Let z be c(-5). Let t(l) = 15*l**2 + 19*l + 2. Let j(k) = 7*k**2 + 9*k + 1. Let u(i) = 13*j(i) - 6*t(i). Calculate u(z).
-1
Let j(w) = 2*w + 8. Suppose -4*g + 2*g + 8 = 0, -2*k = 5*g - 68. Suppose -5*s - k = 4*d, s - 18 = 3*d + 4*s. Determine j(d).
-4
Suppose 12 = 2*p + p. Let u(j) = j**3 - 4*j**2 + 5*j + 3. Determine u(p).
23
Let v(r) = 7 - 6*r + 5*r + 0. Let g(j) = -j. Suppose -5*n + 0*n = 0. Let u be g(n). Give v(u).
7
Let d(p) be the second derivative of 2*p**3/3 - p**2/2 + 9*p. Determine d(1).
3
Let t(a) = 5*a**2 + 4*a + 5*a**3 - 6*a**2 - 3*a**2 - 1 - 6*a**3. Let m be 3*(8/(-3) + 1). What is t(m)?
4
Suppose 2*s + 12 = -2*o, 4*o = 3*s - 16 - 1. Let x(v) = -10*v - 1. Calculate x(s).
9
Let a(i) = -i**3 - 2*i**2 - i - 1. Let w be -3 - -1 - (-6)/(-6). What is a(w)?
11
Let v = -5 + 7. Let x(d) = -3*d - 1. Let y(t) = -10*t - 4. Let z(c) = v*y(c) - 7*x(c). Suppose -12 - 8 = -5*g. Give z(g).
3
Let a(o) = o - 4. Suppose 56*c - 59*c = -12. What is a(c)?
0
Let k(x) = -x**3 - 5*x**2 + 2*x + 3. Let t(p) = p**3 + p**2 - 1. Let i(f) = k(f) + 2*t(f). Determine i(3).
7
Suppose 0*h + 5*h - 30 = 0. Suppose f = 3*f - h. Let s(v) = -v**3 + 2*v**2 - v + 2. Give s(f).
-10
Let p be ((-2)/3)/((-2)/9). Let o(f) = -5*f**3 + 6*f**2 - 5*f + 2. Let w(s) = s**3 - s**2 + s. Let i(y) = o(y) + 4*w(y). Calculate i(p).
-10
Let w(r) = r + 3. Let s(q) = -1. Let p(n) = -14*s(n) - 2*w(n). Give p(6).
-4
Let f(t) = -2 + 7 + 6 + t**2 + 7*t. Let q be f(-5). Let m(d) = d - 1. Give m(q).
0
Let j(s) be the first derivative of s**3/3 - s**2/2 + 2*s - 27. Calculate j(-3).
14
Let i(r) be the second derivative of -r**3/2 - 3*r**2/2 - 7*r. Determine i(-4).
9
Suppose -2*y - 20 = 5*r, -3*y = r - 11 + 2. Let b = 10 + r. Let q(u) = -2*u - 1. Calculate q(b).
-9
Let d be (-5 - 9/(-3))/1. Let q(w) = w + 1. Calculate q(d).
-1
Let v(a) = -6 + 5*a + 2 - 3*a. Let u = 2 - -1. Suppose -4*f - 13 = -5*k, u*k - 1 = 2*f + 8. What is v(f)?
2
Suppose 3*j - j - 2 = 0. Let c be 2*1/(j/3). Let l(b) = b**3 - 1. Let s(h) = h**3 + 5*h**2 + 5*h + 1. Let n(k) = -2*l(k) + s(k). Give n(c).
-3
Let i = -3 - -4. Let r(g) = -4*g**3 + g**2 - g. Let p be r(i). Let k(x) = x**2 + 7*x + 5. Determine k(p).
-7
Let g be (-22)/(-8) - (-12)/(-16). Let m(f) = 2 + 5 - 6*f + 3*f - g. Calculate m(4).
-7
Let n(k) = 54*k + k**2 - 105*k + 54*k - 1. What is n(-2)?
-3
Suppose o - 3*o - 6 = 0. Let z(n) = 2*n - 1. Determine z(o).
-7
Let y(v) be the first derivative of 3*v**4/4 + v**3/3 + v**2/2 + 2*v - 12. Determine y(-2).
-20
Let c(a) be the first derivative of a**2 + 4 + 2*a + 1/6*a**3. Let g(f) be the first derivative of c(f). Give g(-1).
1
Let y(w) be the third derivative of -w**7/2520 + 7*w**6/720 - w**5/120 - w**4/24 + 3*w**2. Let d(l) be the second derivative of y(l). Calculate d(6).
5
Let i = 12 + -6. Suppose 4*v = 3*l - 8, -5*v - i = -5*l - 2*v. Let d(u) = l*u + u + u + u**3 - 3*u**2 - 3. What is d(2)?
-3
Let t be (92/161)/((-2)/(-7)*-1). Let y(z) = -z**3 - 3*z**2 + 2. What is y(t)?
-2
Let w(m) = -m**2 + 3*m - 2. Let a(r) = -r**2 - 5*r. Let u be a(-4). What is w(u)?
-6
Let d(k) = k**3 - 2*k**2 + 1. Let l(a) = -a**2 - 10*a + 14. Let q be l(-11). Give d(q).
10
Let u be 1/(-2) + 5/2. Let d be (u + 3)*4/10. Suppose m - 6 = -d*m. Let r(b) = b**2 - 4*b + 1. Calculate r(m).
-3
Let l(b) be the first derivative of -b**4/4 + 5*b**3/3 - b**2/2 - b + 2. Let g(f) = f**3 + 4*f**2 + 3*f + 4. Let i be g(-3). What is l(i)?
11
Let f(t) = -5*t + 49. Let g be f(11). Let o(d) = 4*d + 6. Determine o(g).
-18
Let a(s) = -80*s**2 - 11*s + 16. Let r(f) = 16*f**2 + 2*f - 3. Let y(w) = -2*a(w) - 11*r(w). Give y(1).
-15
Let q(h) = 3 - 3 + 8*h**3 + h**2. Let s(b) = -b**2 - 4*b - 1. Suppose 2*m + 12 = -5*f - 0, -16 = 5*f + m. Let v be s(f). Determine q(v).
-7
Let r(d) = -3*d + 4. Let p be 2/5 + 128/(-20). Let q(o) = -4*o + 5. Let f(h) = p*r(h) + 5*q(h). Let l be (-48)/(-22) - (-32)/(-176). What is f(l)?
-3
Let g(t) = -t**3 - 5*t**2 + 6*t - 8. Suppose -2*l + 6*l = 104. Suppose -4*j - z - l = 0, -j - 3*j = -z + 22. Calculate g(j).
-8
Let w(l) be the first derivative of -l**4/4 + l**3/3 - l**2/2 - 2*l + 14. Let f(p) = -p**3 - p**2 - 2. Let h be f(0). Give w(h).
12
Let c = 6/37 - -25/74. Let v(o) be the first derivative of 3 + o + c*o**2. Determine v(1).
2
Let a(h) = h**2 + h + 2. Let y(f) be the first derivative of -f**3/3 - f**2 - 3. Suppose s + 19 = -5*u + 1, 4*s = 4*u. Let v be y(u). Determine a(v).
8
Let k(w) = w**2 - 6*w + 4. Let r be (-1)/2 - 21/(-2). Let p = r + -6. Determine k(p).
-4
Let s(y) = -8*y + 9 + 14*y - 9. Determine s(1).
6
Let t(z) = -z**2 - 1. Let h be t(1). Let d be (h/(-3))/((-2)/(-9)). Suppose b + 0 = 4*n - 6, d*b = -6. Let s(y) = -4*y - 1. Give s(n).
-5
Let m(c) = -2*c. Let d be m(-2). Let j(z) = -2*z - z + 0*z + 4*z. Let a(k) = 2*k. Let q(y) = -6*a(y) + 11*j(y). Determine q(d).
-4
Let t be -6 + 3 + (-4 - -1). Let o(v) = v**3 + 6*v**2 + 2. Determine o(t).
2
Let s(c) be the third derivative of 0 - c**2 - 3/8*c**4 + 2/3*c**3 + 0*c + 1/60*c**5. Let z be s(9). Let h(f) = -f**2 + 3*f. Give h(z).
-4
Let o(k) = k**3 - 3*k**2 - 6*k + 5. Let g(m) = -m**3 - 11*m**2 - m - 7. Let b be g(-11). Calculate o(b).
-3
Let h be ((-3)/(-3))/((-3)/15). Let u(a) = a**2 + a - 1. Let k be (-2 + 4 - 4) + -4. Let x(c) = 5*c**2 - 5. Let y(g) = k*u(g) + x(g). Give y(h).
6
Let v = 129 - 128. Let n(l) = -17*l**3 + l**2. Calculate n(v).
-16
Let h(r) = -r**3 - 7*r**2 - 8*r - 3. Let y be h(-5). Let n = y + 16. Let m(j) = -j. Give m(n).
-3
Let z = -6 - -5. Let k(u) = -9*u - 1. Determine k(z).
8
Let c(a) = a + 7. Let w = 2 + 3. Let x = w - 7. Let n be -2 - 4/x - 3. Determine c(n).
4
Let l be (-5)/(-15)*(-5 - -2). Let y be (0 - (2 + l)) + 5. Let k(n) = 5*n**2 + 3. Let v(q) = 6*q**2 + q + 4. Let w(i) = -5*k(i) + 4*v(i). What is w(y)?
1
Let k(w) = w + 11. Let t be k(-6). Suppose 0 = 5*u - 2*a + t*a - 8, 3*u + a - 4 = 0. Let j(y) = 2 + 5*y**2 + 2*y - 1 - 2. What is j(u)?
6
Let k(a) = -a**3 - 4*a**2 - 4*a - 4. Suppose 0 = -5*i - 2*m + 23, -5*i - 6*m + 31 = -2*m. Suppose 5*n = -0*n. Let h = n - i. Calculate k(h).
-1
Let c(k) = -6*k - 2*k + 1 + 0 + 7*k. Give c(3).
-2
Let o = -1 + 1. Let a(l) = o*l - 3*l - l**2 + 0*l**2. Let d = 4 - 8